557
List the prime factors of 366210.
2, 3, 5, 13, 313
What are the prime factors of 494364?
2, 3, 13, 3169
List the prime factors of 1239058.
2, 89, 6961
List the prime factors of 32096.
2, 17, 59
List the prime factors of 19288.
2, 2411
List the prime factors of 163911.
3, 11, 4967
List the prime factors of 24663872.
2, 17, 22669
List the prime factors of 423905.
5, 149, 569
List the prime factors of 329753.
419, 787
What are the prime factors of 3197102?
2, 1598551
List the prime factors of 7055384.
2, 7, 19, 349
List the prime factors of 4791047.
1471, 3257
List the prime factors of 22841889.
3, 7, 155387
List the prime factors of 211744.
2, 13, 509
List the prime factors of 2885937.
3, 17, 71, 797
List the prime factors of 512749.
29, 17681
What are the prime factors of 5864879?
383, 15313
List the prime factors of 348812.
2, 29, 31, 97
What are the prime factors of 407913?
3, 11, 47, 263
List the prime factors of 26386653.
3, 71, 73, 1697
What are the prime factors of 3375612?
2, 3, 41, 2287
List the prime factors of 3766413.
3, 7, 43, 97
List the prime factors of 4816364.
2, 7, 37, 4649
What are the prime factors of 6869763?
3, 763307
List the prime factors of 6284433.
3, 2094811
List the prime factors of 7109668.
2, 23, 77279
What are the prime factors of 15741065?
5, 17, 185189
List the prime factors of 586698.
2, 3, 7, 61, 229
What are the prime factors of 326854?
2, 11, 83, 179
What are the prime factors of 40144646?
2, 719, 27917
What are the prime factors of 4901637?
3, 13, 125683
List the prime factors of 220587.
3, 73529
What are the prime factors of 595009?
317, 1877
What are the prime factors of 316427?
109, 2903
What are the prime factors of 140979?
3, 46993
List the prime factors of 1188813.
3, 223, 1777
What are the prime factors of 741983?
11, 67453
What are the prime factors of 11660709?
3, 1627, 2389
What are the prime factors of 1659132?
2, 3, 17, 2711
What are the prime factors of 24222?
2, 3, 11, 367
What are the prime factors of 2768325?
3, 5, 7, 5273
What are the prime factors of 17004246?
2, 3, 7, 251, 1613
What are the prime factors of 416509?
37, 11257
List the prime factors of 599505.
3, 5, 17, 2351
List the prime factors of 1565893.
7, 31957
List the prime factors of 281817.
3, 173, 181
What are the prime factors of 1954452?
2, 3, 271, 601
List the prime factors of 432870.
2, 3, 5, 47, 307
What are the prime factors of 15920061?
3, 619, 8573
List the prime factors of 38687779.
13, 2975983
List the prime factors of 1323097.
47, 28151
What are the prime factors of 54418?
2, 7, 13, 23
List the prime factors of 3867314.
2, 11, 37, 4751
What are the prime factors of 2564506?
2, 7, 19, 31, 311
What are the prime factors of 41823797?
101, 414097
List the prime factors of 424618.
2, 29, 7321
What are the prime factors of 17788092?
2, 3, 7, 421, 503
What are the prime factors of 109782?
2, 3, 19, 107
What are the prime factors of 8232042?
2, 3, 7, 13, 15077
List the prime factors of 6986266.
2, 7, 37, 13487
List the prime factors of 9939708.
2, 3, 43, 6421
What are the prime factors of 25096516?
2, 179, 35051
What are the prime factors of 4210390?
2, 5, 17, 24767
What are the prime factors of 27722?
2, 83, 167
What are the prime factors of 2434566?
2, 3, 199, 2039
List the prime factors of 628256.
2, 29, 677
List the prime factors of 766012.
2, 13, 14731
List the prime factors of 4139922.
2, 3, 689987
List the prime factors of 443234.
2, 11, 20147
List the prime factors of 413318.
2, 47, 4397
What are the prime factors of 260166?
2, 3, 131, 331
List the prime factors of 25476912.
2, 3, 176923
List the prime factors of 5755364.
2, 173, 8317
List the prime factors of 356859.
3, 13217
List the prime factors of 14827.
14827
List the prime factors of 85634.
2, 47, 911
What are the prime factors of 2041194?
2, 3, 29, 11731
List the prime factors of 4078868.
2, 1019717
List the prime factors of 1141819.
7, 163117
List the prime factors of 1446636.
2, 3, 29, 4157
List the prime factors of 1242681.
3, 11, 37657
What are the prime factors of 199084?
2, 71, 701
What are the prime factors of 335609?
335609
What are the prime factors of 5556278?
2, 7, 13, 30529
List the prime factors of 1003714.
2, 17, 53, 557
List the prime factors of 770831.
17, 45343
What are the prime factors of 395315?
5, 79063
What are the prime factors of 2930467?
97, 30211
List the prime factors of 148177.
71, 2087
List the prime factors of 2448598.
2, 1224299
List the prime factors of 7344419.
7344419
What are the prime factors of 17030133?
3, 191, 9907
What are the prime factors of 4331583?
3, 17, 9437
List the prime factors of 1646748.
2, 3, 149, 307
List the prime factors of 630797.
630797
List the prime factors of 2124057.
3, 13, 107, 509
List the prime factors of 4325036.
2, 71, 97, 157
List the prime factors of 10714945.
5, 1051, 2039
List the prime factors of 14092224.
2, 3, 19, 3863
What are the prime factors of 2292560?
2, 5, 28657
What are the prime factors of 303203?
193, 1571
What are the prime factors of 1729063?
7, 71
What are the prime factors of 1367704?
2, 13, 13151
What are the prime factors of 375546?
2, 3, 62591
List the prime factors of 1998574.
2, 999287
What are the prime factors of 6207029?
6207029
What are the prime factors of 360266?
2, 61, 2953
List the prime factors of 1127396.
2, 281849
What are the prime factors of 702748?
2, 175687
List the prime factors of 799505.
5, 7, 53, 431
List the prime factors of 1902764.
2, 475691
List the prime factors of 2374757.
7, 11, 30841
What are the prime factors of 1855078?
2, 59, 79, 199
List the prime factors of 2906563.
11, 19, 13907
List the prime factors of 36338386.
2, 7, 31, 101, 829
List the prime factors of 4651089.
3, 1550363
What are the prime factors of 154722?
2, 3, 107, 241
List the prime factors of 569646.
2, 3, 7, 11, 137
List the prime factors of 2277519.
3, 759173
What are the prime factors of 5612152?
2, 7, 13, 593
List the prime factors of 190210.
2, 5, 23, 827
What are the prime factors of 5211040?
2, 5, 32569
What are the prime factors of 1804078?
2, 902039
List the prime factors of 564983.
564983
What are the prime factors of 608369?
608369
List the prime factors of 271124.
2, 7, 23, 421
List the prime factors of 12517845.
3, 5, 834523
List the prime factors of 34192480.
2, 5, 7, 30529
What are the prime factors of 5295162?
2, 3, 149, 5923
List the prime factors of 636391.
7, 229, 397
List the prime factors of 157295.
5, 163, 193
List the prime factors of 607618.
2, 11, 71, 389
List the prime factors of 511734.
2, 3, 17, 29, 173
List the prime factors of 9236361.
3, 149, 20663
List the prime factors of 347105.
5, 11, 6311
List the prime factors of 31467.
3, 17, 617
List the prime factors of 4726232.
2, 7, 37, 2281
List the prime factors of 514564.
2, 197, 653
What are the prime factors of 20762633?
20762633
What are the prime factors of 2502303?
3, 241, 3461
What are the prime factors of 2667277?
19, 79, 1777
List the prime factors of 163019.
163019
List the prime factors of 35419.
35419
List the prime factors of 94868.
2, 37, 641
What are the prime factors of 15238471?
61, 249811
What are the prime factors of 4884992?
2, 7, 29, 47
List the prime factors of 1417150.
2, 5, 7, 4049
What are the prime factors of 24098910?
2, 3, 5, 11, 103, 709
List the prime factors of 2064344.
2, 17, 43, 353
List the prime factors of 15109971.
3, 5036657
What are the prime factors of 1763716?
2, 17, 37, 701
What are the prime factors of 3175556?
2, 793889
What are the prime factors of 170613?
3, 71, 89
What are the prime factors of 771318?
2, 3, 73, 587
What are the prime factors of 2783949?
3, 7, 43, 3083
List the prime factors of 9325661.
9325661
What are the prime factors of 3341287?
1601, 2087
What are the prime factors of 445299?
3, 151, 983
What are the prime factors of 17880844?
2, 23, 263, 739
What are the prime factors of 8049447?
3, 7, 67, 1907
What are the prime factors of 2538901?
23, 167, 661
What are the prime factors of 75884?
2, 61, 311
List the prime factors of 509793.
3, 109, 1559
List the prime factors of 15847264.
2, 17, 29131
List the prime factors of 5070399.
3, 241, 7013
What are the prime factors of 701921?
11, 5801
What are the prime factors of 4452444?
2, 3,